 is the units digit of 18068187?
7
What is the ten thousands digit of 63387572?
8
What is the hundred millions digit of 2597901499?
5
What is the units digit of 742676870?
0
What is the millions digit of 10572381?
0
What is the millions digit of 84518689?
4
What is the units digit of 420687168?
8
What is the units digit of 529337128?
8
What is the hundred millions digit of 585499550?
5
What is the hundreds digit of 150993878?
8
What is the hundreds digit of 1207384968?
9
What is the units digit of 3340034341?
1
What is the hundreds digit of 5316784218?
2
What is the ten thousands digit of 2191620695?
2
What is the hundreds digit of 677245407?
4
What is the tens digit of 63135377?
7
What is the units digit of 105387034?
4
What is the hundred millions digit of 412522576?
4
What is the hundreds digit of 2100895646?
6
What is the hundred thousands digit of 18371610?
3
What is the thousands digit of 667719152?
9
What is the hundred millions digit of 5441592208?
4
What is the hundreds digit of 101996320?
3
What is the ten thousands digit of 85108199?
0
What is the tens digit of 106876349?
4
What is the hundred thousands digit of 66275437?
2
What is the ten millions digit of 3300068817?
0
What is the units digit of 2173238162?
2
What is the ten millions digit of 252880086?
5
What is the units digit of 154771599?
9
What is the ten millions digit of 1304852859?
0
What is the ten thousands digit of 343391131?
9
What is the thousands digit of 157446604?
6
What is the millions digit of 58741921?
8
What is the hundred thousands digit of 90342172?
3
What is the thousands digit of 28767398?
7
What is the ten thousands digit of 5318615687?
1
What is the hundred thousands digit of 31624583?
6
What is the tens digit of 82831180?
8
What is the tens digit of 324808644?
4
What is the thousands digit of 268561583?
1
What is the thousands digit of 154676537?
6
What is the ten millions digit of 985067451?
8
What is the hundred thousands digit of 518840183?
8
What is the hundreds digit of 442887116?
1
What is the ten millions digit of 720238491?
2
What is the units digit of 501567064?
4
What is the millions digit of 489749106?
9
What is the tens digit of 9756322358?
5
What is the ten millions digit of 1836822508?
3
What is the hundreds digit of 3245922?
9
What is the hundred millions digit of 471182231?
4
What is the tens digit of 121251556?
5
What is the billions digit of 2632708577?
2
What is the hundreds digit of 61315639?
6
What is the units digit of 2291173354?
4
What is the hundreds digit of 50891633?
6
What is the millions digit of 78579314?
8
What is the ten millions digit of 430492352?
3
What is the hundreds digit of 49562707?
7
What is the millions digit of 1031792751?
1
What is the millions digit of 31777867?
1
What is the millions digit of 7705379?
7
What is the hundred thousands digit of 133907839?
9
What is the millions digit of 33211992?
3
What is the millions digit of 2764141082?
4
What is the ten thousands digit of 2037795221?
9
What is the units digit of 597134491?
1
What is the hundred thousands digit of 87992161?
9
What is the hundred thousands digit of 1896673718?
6
What is the hundreds digit of 35345219?
2
What is the ten millions digit of 1944607451?
4
What is the thousands digit of 305589228?
9
What is the ten millions digit of 316779582?
1
What is the millions digit of 61952967?
1
What is the hundreds digit of 814892471?
4
What is the tens digit of 50932570?
7
What is the tens digit of 44015270?
7
What is the ten millions digit of 53851187?
5
What is the thousands digit of 4458510323?
0
What is the hundred millions digit of 290016615?
2
What is the ten millions digit of 990133616?
9
What is the units digit of 688135477?
7
What is the tens digit of 68740672?
7
What is the thousands digit of 162043126?
3
What is the millions digit of 2931548871?
1
What is the hundreds digit of 117800842?
8
What is the hundreds digit of 163907383?
3
What is the tens digit of 347909003?
0
What is the millions digit of 1961654795?
1
What is the hundred millions digit of 136676722?
1
What is the tens digit of 257103167?
6
What is the ten thousands digit of 179549393?
4
What is the millions digit of 79756356?
9
What is the hundred thousands digit of 2581643173?
6
What is the units digit of 84304148?
8
What is the millions digit of 912552195?
2
What is the hundred thousands digit of 43030572?
0
What is the thousands digit of 1416483233?
3
What is the tens digit of 111150918?
1
What is the thousands digit of 3022051070?
1
What is the hundreds digit of 348036412?
4
What is the units digit of 482508645?
5
What is the hundred millions digit of 2959094548?
9
What is the hundred millions digit of 376703750?
3
What is the ten thousands digit of 47356448?
5
What is the thousands digit of 386331207?
1
What is the millions digit of 697894076?
7
What is the ten thousands digit of 2106338474?
3
What is the ten millions digit of 196925688?
9
What is the hundred thousands digit of 85760947?
7
What is the tens digit of 603956053?
5
What is the thousands digit of 116910034?
0
What is the hundreds digit of 91454706?
7
What is the ten thousands digit of 190767940?
6
What is the millions digit of 2225504585?
5
What is the hundred thousands digit of 59518806?
5
What is the hundred thousands digit of 95604465?
6
What is the millions digit of 2248115844?
8
What is the hundred thousands digit of 286484440?
4
What is the tens digit of 762712052?
5
What is the ten thousands digit of 1125357697?
5
What is the units digit of 3388943312?
2
What is the ten thousands digit of 173177060?
7
What is the units digit of 1171003182?
2
What is the tens digit of 132477261?
6
What is the units digit of 2530685541?
1
What is the ten thousands digit of 105337329?
3
What is the ten millions digit of 76206413?
7
What is the ten thousands digit of 1498126675?
2
What is the millions digit of 18358239?
8
What is the hundreds digit of 47158992?
9
What is the ten thousands digit of 3702506269?
0
What is the millions digit of 126308827?
6
What is the units digit of 2324319775?
5
What is the hundred millions digit of 709042012?
7
What is the thousands digit of 494380767?
0
What is the millions digit of 133473726?
3
What is the units digit of 1986648034?
4
What is the ten thousands digit of 545466416?
6
What is the millions digit of 71001130?
1
What is the units digit of 1723621538?
8
What is the hundreds digit of 33446511?
5
What is the millions digit of 1865814027?
5
What is the millions digit of 96475475?
6
What is the tens digit of 324603495?
9
What is the hundred millions digit of 5791687333?
7
What is the ten thousands digit of 104059655?
5
What is the tens digit of 27971587?
8
What is the ten thousands digit of 21157183?
5
What is the ten thousands digit of 121635032?
3
What is the ten millions digit of 201864138?
0
What is the hundred thousands digit of 37865080?
8
What is the hundred millions digit of 743135845?
7
What is the thousands digit of 87104481?
4
What is the hundreds digit of 485631229?
2
What is the hundreds digit of 72139953?
9
What is the millions digit of 62583684?
2
What is the millions digit of 50961828?
0
What is the ten thousands digit of 3101711876?
1
What is the thousands digit of 17113699?
3
What is the hundred millions digit of 2239415146?
2
What is the ten thousands digit of 807284053?
8
What is the units digit of 23653692?
2
What is the hundred thousands digit of 117959228?
9
What is the hundreds digit of 682720516?
5
What is the ten millions digit of 1525550054?
2
What is the units digit of 1288678502?
2
What is the tens digit of 495501178?
7
What is the thousands digit of 305064446?
4
What is the billions digit of 4073499129?
4
What is the units digit of 1772775397?
7
What is the hundred millions digit of 1660583692?
6
What is the hundred millions digit of 106871520?
1
What is the thousands digit of 101150443?
0
What is the millions digit of 14988625?
4
What is the units digit of 255731364?
4
What is the millions digit of 35688006?
5
What is the tens digit of 22684333?
3
What is the ten thousands digit of 4388409982?
0
What is the millions digit of 61641322?
1
What is the units digit of 9522183?
3
What is the tens digit of 540281618?
1
What is the thousands digit of 340842840?
2